r of o and 156.
156
Let r = 445 + -391. Calculate the highest common divisor of 459 and r.
27
Let h be (-106)/6 + 4/6. Let a = h + 1. Let y = 93 + a. What is the greatest common factor of y and 11?
11
Let u(r) = r - 14. Let z be u(22). Let o = 32 - z. What is the greatest common divisor of o and 32?
8
Suppose 440 = -277*z + 299*z. Let f = 31 - 16. Calculate the highest common factor of f and z.
5
Let b(j) = -j**2 + 4*j - 2. Let v be b(2). Suppose -l = 0, -2*l - 8 = i - 2*i. Let d = i - v. What is the greatest common divisor of d and 6?
6
Let s(x) = 5*x**2 - 3*x. Let m be s(2). Let b(k) = k**3 - 16*k**2 + 5*k + 185. Let j be b(15). What is the greatest common divisor of m and j?
7
Let c(s) = s**3 + 8*s**2 + s - 9. Let j be c(-8). Let d(z) = -z**3 - 16*z**2 + 17*z + 17. Let g be d(j). Calculate the greatest common divisor of 136 and g.
17
Let o be (-2 + 5)*((-72)/(-4) - -3). Calculate the greatest common factor of o and 63.
63
Suppose 0 = -8*f + 4*f + 2*q + 446, 0 = 5*f + 2*q - 562. Calculate the highest common divisor of f and 70.
14
Let z = -822 + 858. Calculate the greatest common factor of 1692 and z.
36
Suppose -9 = -o - 2*o. Let f(k) = k**2 - 4*k + 5. Let l be f(o). Let d be (3 - 4) + (-6)/(-2). Calculate the highest common divisor of d and l.
2
Let t(j) = j**3 + 28*j**2 + 24*j - 31. Let w be t(-27). What is the greatest common factor of w and 40?
10
Let y be (-160)/(-30) - 10/(-6). What is the greatest common factor of y and 77?
7
Let q = 177 - 176. What is the highest common factor of q and 5?
1
Let r = 90 - 30. What is the greatest common divisor of r and 80?
20
Let p be 4/14 - 120/(-21). Let w(m) = 7*m + 1. Let h(s) = 12*s + 1. Let z(c) = 3*h(c) - 5*w(c). Let a be z(p). What is the highest common factor of a and 28?
4
Suppose 1 = -4*w + 2*u + 5, -3*w + 12 = 3*u. Suppose 33 = w*a + a. What is the greatest common divisor of a and 11?
11
Suppose -4*a - 9 - 11 = 0. Let b be 53 + (-3 + 1 - a). Suppose -4*r = 4*n - 52, 44 = 3*n + 4*r - 0*r. What is the greatest common divisor of b and n?
8
Let v(b) = b**3 + 3*b**2 + 4. Suppose 0 + 4 = -4*a. Let y be (-9)/a*(-9)/27. Let k be v(y). Calculate the highest common factor of k and 10.
2
Suppose 5*c = 5*y - y - 13, -5*c + 5*y - 15 = 0. Let o be (c + -2)/(6/20). Let s be (1/(-3))/(o/1140). Calculate the greatest common divisor of s and 95.
19
Suppose a - 2*a + 10 = 0. Let r(q) = -q**3 - 10*q**2 + 21*q - 31. Let v be r(-12). Calculate the highest common divisor of v and a.
5
Suppose -4*y + 8 = 0, -m = -y + 3*y - 7. Let j(q) = -q**3 + 4*q**2 + q - 5. Let g be j(m). What is the greatest common divisor of 63 and g?
7
Suppose z + 5*y = -13, 0 = 2*z - 4*y - 4 - 12. Suppose -5*p + 1 = z*l - 2, -p = -2*l + 33. What is the greatest common divisor of 112 and l?
14
Let y(f) = 4*f**2 + 4*f - 3. Let r be y(-5). Suppose -4*j = -3*j - m - 82, 4*m - r = -j. What is the greatest common divisor of 9 and j?
9
Let g(a) = -a**3 - 4*a**2 + 6. Let t be g(-4). What is the highest common factor of 51 and t?
3
Let t(q) = q**2 + q - 11. Let j be t(22). What is the highest common divisor of j and 55?
55
Let t be -4 - (-3 - 0 - 2). Calculate the greatest common divisor of t and 29.
1
Suppose -3*i + 10 = -f, f + 30 = 4*i + 3*f. Let k = i + 16. Let j be (-38)/(-6) + (-4)/(-6). What is the highest common factor of k and j?
7
Suppose -a = -2*a + 4. Suppose -3*x + 5*s = 3, -x - s + 0*s + 7 = 0. Let o be 14 - ((-2 - 0) + x). Calculate the greatest common factor of a and o.
4
Let a(n) be the first derivative of -5*n + 1 - n**3 + 1/4*n**4 - 1/2*n**2. Let u be a(5). What is the greatest common divisor of 5 and u?
5
Let z be 450*((-26)/(-6) + -4). Calculate the greatest common factor of 250 and z.
50
Let h(a) = -a**2 + 3*a - 13. Let p(z) = -z**2 + 2*z - 12. Let v(k) = 4*h(k) - 5*p(k). Let r be v(-3). What is the greatest common factor of 77 and r?
11
Let j = 259 + -239. What is the highest common divisor of 160 and j?
20
Suppose -100 + 14 = -2*h. Let g = 93 - h. What is the highest common factor of g and 25?
25
Let z be 62 + -8*5/(-10). Suppose -b = -3*d + d + 18, 4*d + b = 48. Let c = d + -5. Calculate the highest common factor of c and z.
6
Let l be ((-928)/(-20))/(16/40). Calculate the highest common factor of 754 and l.
58
Let d be 4/(-2)*2080/(-5). Calculate the greatest common factor of d and 39.
13
Let i(g) = 3*g + 1. Let p be i(5). Let w = 45 - 83. Let y = -14 - w. What is the highest common factor of y and p?
8
Let g = 4 + 1. Suppose 61 = j + 6. What is the highest common divisor of j and g?
5
Let f(k) be the second derivative of 3*k**3/2 - 5*k**2/2 + 21*k. Let o be f(1). Calculate the highest common divisor of 4 and o.
4
Suppose 3*r - 3100 = 181*x - 186*x, -r = x - 1036. Calculate the highest common divisor of 65 and r.
65
Let j(n) = -23*n - 1. Suppose -4*w + 4*l + 8 = 0, -l = 3*w + 2 + 8. Let v be j(w). Suppose -m + v = 4*m. Calculate the highest common divisor of m and 99.
9
Suppose 0 = -i - 8 + 141. Suppose -4*j - 27 = -x, j = x - 2*j - 25. Calculate the highest common factor of x and i.
19
Suppose 2*l + 3*b = 11, -2*l = b - 0 - 5. Suppose -g - 10 = -3*g. What is the greatest common factor of l and g?
1
Let i(t) = 5*t**2 + 28*t - 7. Let o be i(-6). What is the highest common divisor of 355 and o?
5
Let s be 5/15*-15 + (-1 - -16). Calculate the greatest common factor of 70 and s.
10
Let s be 36/(-378) + 632/21. Let w(b) = -b**3 + 6*b**2 + 2*b - 2. Let i be w(6). What is the highest common factor of i and s?
10
Let h = -34 - -55. Let j = h - 9. Calculate the greatest common factor of 6 and j.
6
Let v = -107 - -114. Calculate the greatest common factor of v and 259.
7
Let c be 15/6*((-48)/(-6) + -6). What is the highest common divisor of c and 3?
1
Let j be ((-40)/(-5) + -3)*-1. Let l be (-6 - j)/((-4)/52). Calculate the highest common factor of 143 and l.
13
Suppose 5*l = u - 69, -3*l + 93 = 2*u - 4*l. Calculate the greatest common factor of 11 and u.
11
Suppose 13*p - 9*p = 5*b + 29, 3*p + 5*b = 13. Calculate the highest common divisor of p and 102.
6
Let f(j) = j**2 - 6*j + 1 + 7 - j**3 + j - 7*j**2. Let d be f(-5). Let v be (3/2)/((-6)/(-8)). Calculate the highest common divisor of v and d.
2
Let b(x) = -74*x + 20. Let v be b(-2). Suppose -v - 407 = -5*c. What is the greatest common factor of c and 5?
5
Let k(r) = -r**2 + 17*r. Let l be k(10). What is the highest common factor of l and 40?
10
Suppose 293 = 9*d + q, -2*d + 7*d - 173 = 2*q. Calculate the highest common factor of 24 and d.
3
Let k be (1 + 0/(-2))/((-1)/(-2)). Suppose 5*g + 80 = 3*q, 5*q - k*g = 83 + 25. What is the highest common divisor of 4 and q?
4
Suppose 57 = 3*q - 15. Let a be 6/10 + (-81)/(-15). Let v be (-27)/6*(-16)/a. What is the highest common divisor of v and q?
12
Let z = 1674 + -1665. Calculate the greatest common divisor of z and 75.
3
Suppose 5*m - 32 - 33 = 0. Let g be ((-16)/10)/(6/(-15)). Suppose 39 + 25 = i + j, g*i - j - 261 = 0. What is the highest common divisor of m and i?
13
Let z be (-5)/20*(-1 - -1). Suppose z = 4*a + 2*r - 984, 3*a + 2*r = 6*r + 727. What is the greatest common factor of 98 and a?
49
Let g be 22/7 - (-2)/14*-1. Let l(n) = -n + 5. Let t be l(14). Let o = 15 + t. What is the greatest common factor of g and o?
3
Let k = -47 - -49. Let s(w) = w**2 - 4*w + 1. Let v be s(-3). What is the highest common divisor of v and k?
2
Suppose -2*i + 2*c = -149 - 61, -c - 411 = -4*i. Calculate the greatest common divisor of i and 34.
34
Let u(p) be the first derivative of 2*p**2 - 16*p + 2. Let w be u(-7). Let j be w*(-2)/(-16)*-2. What is the highest common divisor of 121 and j?
11
Let f(o) = -44*o. Let w be f(-1). Suppose 2*p = -2*p + w. Suppose -6*z = -3*z - 99. Calculate the highest common divisor of z and p.
11
Let i(v) = 2*v**2 - 8*v + 4. Let h be i(4). Let q be 24/4*h/((-36)/(-15)). Calculate the greatest common factor of q and 10.
10
Let g be (754/(-174))/((-1)/21). Calculate the greatest common factor of 247 and g.
13
Let h(k) = -k**3 + 15*k**2 - 13*k + 14. Let b = 25 - 11. Let r be h(b). Suppose 3*z + 1 = r. Calculate the greatest common factor of 9 and z.
9
Suppose 0 = 10*a - 8 - 92. What is the highest common factor of 25 and a?
5
Let y(f) = 3*f**2 - 5*f. Let z be y(4). What is the greatest common factor of z and 238?